-67 + 16. Let p = h + 96. Calculate the remainder when p is divided by s.
6
Let h be ((-2)/(-2) - (-1 - -3))*-3. Suppose -8*o + 9*o - 4*g - 47 = 0, 0 = h*o + 3*g - 126. What is the remainder when o is divided by 6*(-1 - 7/(-2))?
13
Let h(q) = 32*q - 151. Let n(u) = 29*u - 1. Let f be 12/18 - (-2)/6. What is the remainder when h(9) is divided by n(f)?
25
Suppose -3*m + 291 = -t + 6*t, 183 = 3*t - m. Calculate the remainder when 11/((-165)/(-4680)) - 13 is divided by t.
59
Let r = -13 + 15. Suppose -4*w + 20 = 0, 2*w = 4*h - 12 + r. What is the remainder when h is divided by 2?
1
Let n(u) = -u**3 - 7*u**2 - u + 1. Let p be n(0). Calculate the remainder when 101 is divided by (p/(-3))/((-10)/1380) - -5.
50
Let k = 1164 + -1003. Suppose l - 267 = -5*n, 3*n - 5*l - 122 = 55. What is the remainder when k is divided by n?
53
Suppose 4*s + b - 78464 = 0, -254 + 238 = -4*b. Calculate the remainder when s is divided by 16.
15
Let m(o) = o - 57. Let x be m(16). Let f = 50 + x. What is the remainder when 22 is divided by f?
4
Suppose 0 = -51*f + 49*f. Let h(z) = 4*z + 25. What is the remainder when 148 is divided by h(f)?
23
Suppose -l - 4*t = 82, 0 = -4*t + 2*t + 8. Let r = l - -130. Let i = r - 19. Calculate the remainder when 35 is divided by i.
9
Let j = -328 + 346. Suppose 916 = j*q - 362. Calculate the remainder when q is divided by 18.
17
Let c = 502 + -580. Let q = c + 242. What is the remainder when q is divided by 55?
54
Let y = -21981 + 22126. Calculate the remainder when y is divided by 10.
5
Let c = -12 + 40. Suppose x + 3*x - c = 0. Suppose -222 = -4*d + m, d - 2*m - 47 = -6*m. Calculate the remainder when d is divided by x.
6
Suppose 83*x - 109*x + 1742 = 0. What is the remainder when 100 is divided by x?
33
Let m(t) = -79*t**3 - 3*t**2 - 2*t - 3. Let k = -318248 - -318287. What is the remainder when m(-2) is divided by k?
36
Suppose -26*c = -28*c + 4. Suppose -c*i = 1 - 67. What is the remainder when i is divided by 9?
6
Let s = 4 - 1. Suppose 5*k = -37*d + 36*d - 25, 0 = -d - 5. What is the remainder when k*s/(-12) - -33 is divided by 7?
6
Suppose -41*s + 1519 = 8*s. Calculate the remainder when (-8)/(80/30) + s is divided by 14.
0
Let k(b) = 36 + 46*b - 4*b**3 + 50 + 0*b**3 - 44*b**2 + 3*b**3. What is the remainder when 245 is divided by k(-45)?
40
Let k(y) = -2*y**3 - 8*y**2 - 18*y - 4. Let n be k(-5). Suppose -n + 171 = s. Calculate the remainder when 85 is divided by s.
15
Calculate the remainder when 1842*(3*2/6 + 96/(-144)) is divided by 150.
14
Let f(g) = 6*g**2 - 78*g + 3. What is the remainder when f(16) is divided by 279?
12
Let v(q) = 7*q**2 + 4*q. Let i be v(3). Let f = 1670 + -1658. Let d = i - f. Calculate the remainder when d is divided by 16.
15
Suppose -96 = -16*r + 80. Suppose 4*j = -4*l + 104, l - 2*j + r = 49. Let f(z) = 8*z**2 - z. What is the remainder when l is divided by f(-1)?
3
Let y(n) = -n**2 - 15*n + 57. Let q be y(-18). Suppose 3*j + g - 79 = q*g, -2*j - 3*g = -31. What is the remainder when 64 is divided by j?
18
Let w be 0/3 - 291/((-9)/(-3)). Suppose -2*y + 44 = -4*y. Let u = y - w. What is the remainder when u is divided by 39?
36
Suppose 4*d + 8 = 0, 4*d - 7*d = 2*o - 2. Calculate the remainder when 437 is divided by 1228/28 - o/(-28).
41
Suppose 7*u - 6 = 5*u + 2*r, 3*r = u + 1. Calculate the remainder when (5 - 4) + u - -18 is divided by 7.
3
Let z = 498 + -461. Suppose t + 2 = -q - 0*t, -10 = q + 5*t. Suppose 17 = w + 3*u, 2*u + q = -2. What is the remainder when z is divided by w?
17
Suppose 20*m - 6826 - 394 = 0. Calculate the remainder when m is divided by 102.
55
Let r = 0 - -31. Let h(s) = 56*s**2 - 4*s - 5. Let n be h(-1). Calculate the remainder when r is divided by n/3 - (-22)/(-66).
13
Suppose 75*n - 91*n = 221*n - 63990. Calculate the remainder when n is divided by 75.
45
Suppose -2*l - 517 = 473. Let x = l - -513. Suppose h - 3 = 3*j + 1, -j = 0. Calculate the remainder when x is divided by h.
2
What is the remainder when 174 is divided by ((-20)/(-8))/(7 + (-1515)/220)?
20
Calculate the remainder when 4/(-38) + 104761/494 + (-1452)/(-37752) is divided by (-3)/(-2)*(-438)/(-9).
66
Suppose u + 5*c = 2919, -2*c = 2*u + 2*c - 5862. What is the remainder when u is divided by 49?
48
Let y(h) = h**3 - 8*h**2 - 64*h + 577. What is the remainder when 303 is divided by y(9)?
57
Let m(s) = -2*s - 51. Let p be m(-25). Let y be 6 + 6/18*p*3. Suppose y*r - 171 = 2*r. Calculate the remainder when r is divided by 29.
28
Let h = 54 - 32. Suppose -3*m - 6 = -m, -2*r - 2*m + h = 0. What is the remainder when 39 is divided by r?
11
Let w(v) = v**2 + 8*v + 16. Let x be w(-6). Let y be x*((-3)/(-12))/1. Suppose -y = 11*f - 56. What is the remainder when 29 is divided by f?
4
Let k(w) = -w**2 - 196*w - 1072. What is the remainder when k(-17) is divided by 27?
0
Suppose -26*b + 23*b + 3*q + 21 = 0, 4*q - 53 = -5*b. Let c(x) = -6*x + 14. Calculate the remainder when c(-8) is divided by b.
8
Suppose 58*r - 1335 = 368 + 37. Let p = 248 + -100. What is the remainder when p is divided by r?
28
Suppose -11 = -3*m + 4*j, -5*j + 3*j = -4*m + 18. Suppose -3*z - 2*x + 4 + m = 0, 0 = 3*z - 5*x - 30. Calculate the remainder when 6 is divided by z.
1
Suppose -108*b + 594*b - 142398 = 0. What is the remainder when 702 is divided by b?
116
Let o = 65 + -30. Let x = -156 - -362. Calculate the remainder when x is divided by o.
31
Suppose 128*j = -137*j + 72*j + 7334. Calculate the remainder when 375 is divided by j.
33
Suppose 0 = -5*d + 1128 - 493. Suppose d = h + 2*z, -3*h = -8*h - z + 680. Suppose 5*x = 78 + 37. What is the remainder when h is divided by x?
22
Suppose -n + 2990 = -5*z + 14297, -2*z + 3*n + 4541 = 0. Calculate the remainder when z is divided by 321.
13
Let t(x) = x**3 - 24*x**2 + 44*x - 455. What is the remainder when 1 - (237/1)/(-3) is divided by t(23)?
24
Let s(a) = 18*a - 3. What is the remainder when s(5) is divided by 11 + (-32 - -9) + 34?
21
Suppose -48*m = -5*d - 53*m, -2*d - 7 = 3*m. What is the remainder when 13213 is divided by d?
4
Calculate the remainder when 889 is divided by (-28 + 26)*1338/(-12).
220
Suppose -4*p + g = -1132, 0 = 4*p - 169*g + 165*g - 1132. Calculate the remainder when p is divided by 281.
2
Let a = 5133 + -5057. What is the remainder when 2735 is divided by a?
75
Let x(y) = y**3 - 26*y**2 + 163*y + 28. What is the remainder when x(19) is divided by 49?
10
What is the remainder when 4*(-4 + 82593/84) is divided by 5?
2
Let x(k) = 7*k + 201. Calculate the remainder when 981 is divided by x(-18).
6
Let v(k) = -k + 2. Let i = -25 + 22. Let f be i/((15/6)/5). Calculate the remainder when v(f) is divided by 5.
3
Suppose -2*n + 72 = 2*j, -13 = -n + 3*j + 15. Suppose -n*i + 63*i = 812. Calculate the remainder when i is divided by 6.
4
Suppose 0 = -c - 4*x + 136, 0 = 5*c + 3*x - 0*x - 748. Suppose 655 = 16*q + 111. Calculate the remainder when c is divided by q.
16
Suppose 2*u - 5*u = -15, 3*v - 168 = -3*u. Let q(i) = 13*i. What is the remainder when v is divided by q(2)?
25
Suppose -4*c + 2*r = -48, 71*r - 72*r = -4*c + 48. What is the remainder when 12044 is divided by c?
8
Let o be -5 + 4 - 44 - (1 + 2). Let j = o + 57. What is the remainder when 52 is divided by j?
7
Calculate the remainder when (-30)/(-25)*10 + 968 is divided by 234.
44
Let l be 1/(-1)*(-4 + 3). Suppose i + l = 7. Let f(d) = 3*d**2 - 2*d - 174. Calculate the remainder when i is divided by f(8).
0
Suppose 0 = 2*f - 4*c + 5*c - 3, f - 18 = 5*c. Suppose f*l + 170 = -40. Let t = l + 95. What is the remainder when 47 is divided by t?
22
Suppose 3*l - 30 = 3*c, -4*c + 206 = 186. Calculate the remainder when 4555 is divided by l.
10
Let x(a) = -5*a + 117. Let s = -228 + 334. What is the remainder when s is divided by x(19)?
18
What is the remainder when (9/(-3))/9*-906 is divided by 32?
14
Let d(o) = 22*o**3 + o**2 - 2. Let k be d(-2). Let u = 196 + k. What is the remainder when 106 is divided by u?
18
Suppose 5*u - 97 = 2*j - 68, -4*j - 28 = -4*u. Suppose 32 = g + g. What is the remainder when g is divided by u?
1
Suppose -5294 = -5*x - 38*x + 22527. What is the remainder when x is divided by 11?
9
Let x = -102 + 48. Let z = 82 + x. What is the remainder when z is divided by -1 - (-7)/21*33?
8
Let j = 6412 + -6380. 